 = -10*p - 3. Suppose 2*a + 40 = 3*n, 4*n + a + a = 58. Let j = -8 + n. Calculate the remainder when w(-2) is divided by j.
5
Suppose x - 2*m = 3*x - 2, 5*x - 21 = 3*m. Suppose 3 + 0 = h. Suppose 2*s - 10 = -h*s. What is the remainder when x is divided by s?
1
Suppose -3*b + 4*b - 12 = 0. Let l(k) = k**3 - k**2 + k + 23. Calculate the remainder when l(0) is divided by b.
11
Let m(t) = 15*t - 1. What is the remainder when m(5) is divided by 19?
17
Let b = -6 - -12. Let l = 15 + -26. Calculate the remainder when l/22 + 23/2 is divided by b.
5
Let v(m) = -m**3 + m**2 + 2*m + 3. Calculate the remainder when v(-4) is divided by 26.
23
Let f = -6 - -9. Calculate the remainder when f is divided by 1.
0
Let i = 18 + -11. What is the remainder when i is divided by 2?
1
Suppose -2 = -2*h + 24. Let o(i) = i**3 - i**2 + i + 48. What is the remainder when o(0) is divided by h?
9
Let x be -2*3/(24/(-4)). Let f = x - -31. What is the remainder when f is divided by 11?
10
Let c(u) = 3*u - 3. Let p be c(-3). Suppose 3*v = 10 + 176. Let b = p + v. Calculate the remainder when b is divided by 26.
24
Suppose -4*f - 1 = -9. Suppose 4*r = -5*m + 80 + 217, f*r = 5*m - 309. What is the remainder when m is divided by 21?
19
Suppose -32 = -5*m + 228. What is the remainder when m is divided by 18?
16
Let m be (-4)/10 - (-1335)/25. Suppose m = 3*u - 7. Let x = u - 10. What is the remainder when x is divided by 6?
4
Let b = 24 + -11. Suppose -5*y - g = 2*g - 184, -3*y + 5*g = -124. Calculate the remainder when y is divided by b.
12
What is the remainder when 12 is divided by 224/36 + 1 - 2/9?
5
Let g(r) = r + 10. Let x be g(-6). Suppose -4*h = h - x*o - 87, 0 = -3*h + 5*o + 47. Calculate the remainder when 56 is divided by h.
18
Suppose -3*f = -2*l - 99, 2*f + 3*l - 80 = -1. What is the remainder when f is divided by 19?
16
Let o(n) = n**2 + 4*n + 9. Suppose y = 5*s - 4, -4*s - 4*y - 2 = -10. Calculate the remainder when o(-8) is divided by (s + 3)*14/4.
13
Suppose 0 = 5*b - b - 100. Calculate the remainder when 93 is divided by b.
18
Suppose -4*j + 21 - 9 = 0. Calculate the remainder when 13/(0 + 3 - 2) is divided by j.
1
Let r(b) = -b**2 - b - 1. Let m(o) = o**3 + 2*o - 1. Let w(j) = -m(j) + 3*r(j). Calculate the remainder when w(-3) is divided by 7.
6
Suppose 5*h = -5*q + 25, -q - 3*q + 3*h - 8 = 0. Suppose 0 = -5*v + 24 + 26. Let b = q + v. What is the remainder when 21 is divided by b?
10
Let m = -18 + 13. Let f = 29 - m. What is the remainder when f is divided by 9?
7
Suppose 8 = -2*z, -2*z + 32 = -2*d - 7*z. Let l be (1 - (-4)/(-2)) + 19. What is the remainder when 17 is divided by 1/((d/(-2))/l)?
5
Let y(p) = -71*p + 1. Calculate the remainder when y(-2) is divided by 29.
27
Suppose -5*p + 60 = -p. Calculate the remainder when 56 is divided by p.
11
Let o = -24 + 23. Let g = 21 + o. Calculate the remainder when 37 is divided by g.
17
Let s(f) = -f**2 + 6*f + 5. Let v be s(6). Suppose -v*m + 4*m + 12 = 0. Suppose 4*p - 94 = 42. Calculate the remainder when p is divided by m.
10
Suppose -5*m = f - 18, f + 4*m = 2*f + 9. Suppose 3*d = -4*q + 8, f*q - 3 = -d + 2*q. What is the remainder when d is divided by 3?
1
Suppose 16 = -4*u + 8*u - n, 2*u + 2*n - 8 = 0. What is the remainder when (1*424/u)/2 is divided by 8?
5
Suppose 5*d + 43 = 4*q, 6*d + 52 = d + q. Let l = 16 + d. What is the remainder when 14 is divided by l?
4
Suppose 8*r - 3*r + 85 = 5*h, 5*h - 115 = -5*r. Let m = 9 + -2. What is the remainder when h is divided by m?
6
Let k(t) = 6*t**2 - t + 1. Let h be k(1). Suppose -4*i = -7*i + h. What is the remainder when 2 is divided by i?
0
Suppose 0 = -5*y + 3*y + 14. Let o(f) = -2*f + 10. Calculate the remainder when o(0) is divided by y.
3
What is the remainder when 4272/64 + 3/(-4) is divided by (-17)/(0 - 0 - 1)?
15
Calculate the remainder when 63 is divided by 15/(-10)*(-44)/3.
19
Let w(o) = -6*o - 17. Calculate the remainder when w(-8) is divided by 11.
9
Let w = 33 - 53. Let h = w - -35. What is the remainder when 42 is divided by h?
12
Suppose -42 = -m - 20. Calculate the remainder when m is divided by 13.
9
Let c(t) = -t**3 + 7*t**2 - 9*t + 7. Calculate the remainder when c(5) is divided by 5.
2
Suppose -2*i + 3*i - 32 = 0. Suppose 0 = 4*p - 4, p + i = j + 2*j. Let r(m) = -6*m**3 - m**2 - 2*m - 1. What is the remainder when j is divided by r(-1)?
5
Let d = -16 + 27. What is the remainder when d is divided by (12/9)/((-2)/(-6))?
3
Suppose 4*l - 3*n + 0*n + 329 = 0, 0 = -5*l - 5*n - 455. Let z be -2 - -3 - 0 - l. Let t = z - 52. What is the remainder when t is divided by 12?
11
Let h = -38 + 108. What is the remainder when h is divided by 1 + 0/(-3) + (-34)/(-2)?
16
Let d be ((-3)/(-2))/(18/(-48)). Let o(s) = s**2 - 3*s + 3. Let i(r) = -r**2 - 9*r - 7. Calculate the remainder when o(d) is divided by i(-6).
9
Let z = 1 - -4. Calculate the remainder when 19 - (3 + (-5 - -3)) is divided by z.
3
Let q(w) = 7*w**2 - 6*w - 14. What is the remainder when q(6) is divided by 51?
49
Suppose c = 3*c - 96. Let v(x) = 2*x**3 - 3*x + 3. Let p be v(2). Let z = p + c. What is the remainder when z is divided by 21?
19
Suppose 5*j + 3*j - 200 = 0. Suppose 2*f = 6*f - 108. Suppose b + 39 = 4*y, -3*b = -2*y - 0*b + f. Calculate the remainder when j is divided by y.
7
Let j(v) = v**2 + 2*v. Let k be j(-3). Suppose -m + 7 = h, k*h = -0*m + m + 1. Calculate the remainder when h is divided by 1.
0
Let m(h) = h**2 - 6*h + 18. Calculate the remainder when 29 is divided by m(4).
9
Let b = -14 + 39. Calculate the remainder when 6 is divided by 32/10 + 20/b.
2
Suppose 0 = x + x - 68. What is the remainder when x is divided by 7?
6
What is the remainder when 116 is divided by -2*(-135)/10 - (-2 + -1)?
26
Suppose -3*d + 4*k = -24, 4*d = -k + 9 + 4. Suppose -3*z - d*t - 7 = 7, 3*t + 13 = -z. What is the remainder when (z/5)/(1/45) is divided by 10?
8
Suppose 22 = c - 3*x, -x = 3*c - 4*x - 48. Let p(f) = 2*f**2 - f - 2. Let h be p(2). Suppose c = h*o - 11. Calculate the remainder when 17 is divided by o.
5
Let g = -110 - -119. Calculate the remainder when 22 is divided by g.
4
Suppose -4*w = 5*p + 2356, 771 = -p - w + 299. What is the remainder when 35 is divided by (-3)/4 - p/48?
8
Let i be (-6)/3 - -4 - -1. Let p(f) = -2*f**2 + 0*f**2 + i + 3*f**2 - 7*f. What is the remainder when 8 is divided by p(7)?
2
Let x be 2/6 + (-34)/(-6). Suppose 4*y - y = x. What is the remainder when 42 is divided by (110/15)/(y/6)?
20
Let v = 0 - -4. Suppose 0 = -2*j + i + 1, -2*j + 6*j = 5*i - 13. Suppose -4*n = t - 9, 5*n + 0*t - 6 = -j*t. What is the remainder when v is divided by n?
1
Suppose 5*k - 89 + 9 = 0. Let h(n) = 182*n. Let j be h(-3). What is the remainder when (-2)/(-3) - j/18 is divided by k?
15
Let z = -101 - -144. Suppose -6*a = -7*a + 11. What is the remainder when z is divided by a?
10
Suppose 0*k - 184 = -3*f - k, 0 = 3*f - k - 188. Calculate the remainder when f is divided by 16.
14
Let w(y) = y**3 - 13*y**2 + y - 5. Let g be w(13). Let z = 26 - g. What is the remainder when 71 is divided by z?
17
Suppose -2*s - 54 = -2*i, 0*i - 5*s - 75 = -3*i. Calculate the remainder when i is divided by 7.
2
Suppose -4*z + v - 37 = z, -3*v - 1 = -z. What is the remainder when 31 is divided by (-6 - -2)/(2/z)?
15
Let s be (-2)/4 - (-10)/4. Calculate the remainder when 17 is divided by (-29)/(-5) - s/(-10).
5
Let r(t) = t**2 + t + 3. Let v be r(0). Let u be 5 + -1*(-2)/2. Suppose 4*j - 5*x = 69, -2*x = -v*j - u*x + 13. What is the remainder when j is divided by 4?
3
Calculate the remainder when (-26)/(-4)*(2 + 0/3) is divided by 7.
6
Let m(y) = -y**2 - 9*y - 1. Calculate the remainder when 99 is divided by m(-6).
14
Let p = -41 - -61. What is the remainder when 39 is divided by p?
19
Let p(q) = -11*q + 2. What is the remainder when 21 is divided by p(-1)?
8
Let v(o) = -o**3 - 7*o**2 + o + 9. Let z be v(-7). Suppose -b - 30 = -6*b. What is the remainder when 2*7 + z - -1 is divided by b?
5
Let l(x) = x**2 + x + 4. What is the remainder when l(-5) is divided by 14?
10
Let c = 67 + -14. Let i = c + -26. What is the remainder when i is divided by 7?
6
Calculate the remainder when 1*(-5)/(-1) - 1 is divided by (5/(-10))/((-1)/6).
1
Let r(l) = l**3 + 8*l**2 + 4*l - 7. What is the remainder when 39 is divi